ate the highest common factor of 219 and 41163897.
219
What is the greatest common factor of 264 and 699874626?
66
What is the greatest common divisor of 460 and 66260470?
230
What is the greatest common divisor of 895212 and 13406076?
11052
What is the greatest common factor of 10522995 and 1236?
309
What is the greatest common divisor of 50983390 and 30?
10
Calculate the highest common factor of 3633 and 1629579.
21
Calculate the greatest common divisor of 3282 and 951504.
6
What is the highest common factor of 30134 and 5616?
26
Calculate the highest common factor of 1758276 and 1.
1
What is the greatest common factor of 93912 and 1081192?
2408
What is the highest common divisor of 36 and 194649876?
36
What is the highest common factor of 266 and 1918000?
14
What is the highest common factor of 1463 and 812383?
209
What is the highest common factor of 6135 and 13774302?
1227
What is the highest common factor of 866 and 24056181?
433
What is the highest common factor of 4362 and 111806784?
4362
Calculate the highest common factor of 99202930 and 35.
5
Calculate the greatest common divisor of 10385875 and 57.
19
What is the greatest common divisor of 109 and 58511527?
109
What is the greatest common divisor of 13179 and 824547?
573
What is the greatest common divisor of 45729232 and 1712?
1712
What is the greatest common factor of 1146507 and 2766?
1383
Calculate the highest common factor of 4 and 60046446.
2
What is the highest common divisor of 2737428 and 341508?
1788
What is the highest common factor of 813052 and 1692712?
724
What is the highest common factor of 8665874 and 98?
14
What is the highest common factor of 60 and 27143180?
20
Calculate the greatest common factor of 8 and 290384552.
8
What is the highest common divisor of 210868 and 3023552?
476
What is the greatest common divisor of 154 and 12061049?
77
Calculate the highest common divisor of 4164540 and 135780.
1860
Calculate the highest common factor of 63 and 4250575.
7
What is the greatest common divisor of 1489728 and 456?
24
What is the highest common factor of 706 and 26755282?
706
Calculate the greatest common divisor of 23023 and 7982219.
161
What is the greatest common factor of 31046446 and 33254?
2558
What is the highest common factor of 592 and 26167547?
37
Calculate the greatest common divisor of 15688 and 18839168.
424
What is the greatest common divisor of 182389356 and 207?
207
Calculate the highest common divisor of 4582872 and 2550744.
10584
Calculate the greatest common divisor of 54900 and 1571970.
1830
Calculate the highest common divisor of 485550 and 776425.
325
Calculate the highest common factor of 203 and 69919.
29
Calculate the greatest common divisor of 2120 and 50360.
40
Calculate the highest common factor of 263105 and 121705.
505
Calculate the greatest common factor of 5572 and 19504786.
2786
What is the greatest common factor of 49790 and 10004726?
766
Calculate the highest common divisor of 226938 and 2438022.
2082
What is the highest common divisor of 11677941 and 132?
33
Calculate the greatest common factor of 6232 and 77064.
152
Calculate the greatest common factor of 39715 and 1298375.
3055
Calculate the highest common divisor of 1374982 and 2898.
14
What is the greatest common divisor of 1110 and 98358?
6
Calculate the highest common factor of 1749649920 and 620.
620
Calculate the highest common divisor of 8159 and 207419.
41
What is the highest common divisor of 552292 and 136439?
817
Calculate the greatest common factor of 62887 and 15697.
11
What is the highest common divisor of 13631 and 1526989?
317
Calculate the greatest common divisor of 1443984 and 38184.
24
What is the highest common factor of 20 and 17290848?
4
Calculate the highest common divisor of 13737779 and 33.
11
Calculate the greatest common factor of 9832 and 631969006.
2458
What is the highest common factor of 1528 and 9014818?
382
Calculate the highest common divisor of 34 and 293984.
2
What is the highest common divisor of 72890901 and 3186?
1593
What is the highest common divisor of 49469 and 675472?
259
What is the highest common factor of 3848 and 9711?
13
Calculate the greatest common factor of 2002 and 3833648.
182
What is the highest common factor of 8862 and 1971162?
1266
Calculate the highest common factor of 28332062 and 22.
22
What is the greatest common factor of 10285 and 46640?
55
Calculate the highest common divisor of 2052790 and 261105.
515
Calculate the greatest common factor of 105924 and 325241.
679
Calculate the highest common divisor of 30 and 79521510.
30
What is the highest common divisor of 128154 and 12757368?
2418
What is the highest common factor of 247 and 152249983?
19
What is the greatest common factor of 13007601 and 648?
27
Calculate the highest common factor of 112646 and 2065680.
302
Calculate the highest common factor of 5071091 and 949.
73
What is the highest common divisor of 15691956 and 98?
98
What is the highest common factor of 65871 and 537615?
117
What is the highest common divisor of 88 and 654872768?
88
Calculate the highest common factor of 9989105 and 10.
5
What is the highest common factor of 11564306 and 1570?
314
What is the greatest common divisor of 424015 and 39045?
685
Calculate the highest common divisor of 82614 and 1084098.
1686
What is the greatest common divisor of 3 and 29867?
1
Calculate the highest common divisor of 1006 and 535038082.
1006
Calculate the greatest common factor of 39401364 and 366.
366
Calculate the greatest common divisor of 121 and 11549.
1
What is the greatest common divisor of 9291690 and 22440?
510
Calculate the greatest common factor of 77845333 and 5864.
733
Calculate the greatest common factor of 9240 and 427740.
60
What is the highest common factor of 17177 and 450251?
89
Calculate the highest common divisor of 2449 and 7254965.
79
Calculate the greatest common factor of 940 and 177700.
20
Calculate the greatest common divisor of 78833838 and 2013.
183
What is the greatest common factor of 6390 and 5655960?
90
Calculate the greatest common factor of 28 and 66158932.
28
What is the greatest common factor of 58950 and 803610?
90
Calculate the highest common divisor of 13600785 and 219945.
5115
Calculate the highest common divisor of 38 and 16166606.
38
Calculate the greatest common factor of 669 and 312821501.
223
Calculate the highest common factor of 1976 and 199329.
247
Calculate the highest common factor of 946 and 16339642.
22
What is the greatest common factor of 890 and 75940585?
445
Calculate the greatest common factor of 535640424 and 792.
264
What is the greatest common divisor of 156672 and 138176?
1088
What is the highest common factor of 21 and 2498535?
3
What is the highest common factor of 2489750 and 3013000?
5750
What is the highest common factor of 12777 and 20142?
3
What is the greatest common factor of 74984840 and 140?
140
Calculate the greatest common divisor of 5031 and 3672071.
559
Calculate the greatest common factor of 136 and 95724586.
34
Calculate the highest common divisor of 2628 and 6204.
12
What is the highest common factor of 12459977 and 216308?
3181
What is the highest common factor of 9068367 and 7392?
231
Calculate the greatest common factor of 66 and 6454580.
22
Calculate the highest common factor of 9249 and 207.
3
Calculate the greatest common divisor of 840079 and 91679.
1871
What is the greatest common factor of 3669 and 83121195?
3669
Calculate the greatest common factor of 3434263 and 343.
49
Calculate the greatest common factor of 1333379 and 2369.
23
Calculate the highest common factor of 16829316 and 24003.
189
What is the highest common factor of 1310 and 116320795?
655
What is the highest common divisor of 80 and 909100200?
40
What is the highest common divisor of 1873221 and 98?
49
Calculate the highest common factor of 3328890 and 936840.
1110
Calculate the highest common factor of 13129930 and 10.
10
Calculate the greatest common divisor of 1615275 and 189.
27
Calculate the greatest common divisor of 158045 and 13140.
365
What is the highest common divisor of 42 and 7017661?
7
Calculate the highest common divisor of 8789 and 516953.
799
What is the greatest common factor of 378945 and 11313?
27
Calculate the highest common fact